at is the tens digit of 2722?
2
What is the units digit of 22954?
4
What is the ten thousands digit of 48032?
4
What is the hundreds digit of 3204?
2
What is the hundreds digit of 861?
8
What is the thousands digit of 20754?
0
What is the units digit of 27508?
8
What is the hundreds digit of 613?
6
What is the units digit of 26600?
0
What is the units digit of 1664?
4
What is the hundreds digit of 1912?
9
What is the thousands digit of 23571?
3
What is the hundreds digit of 622?
6
What is the tens digit of 18111?
1
What is the thousands digit of 43833?
3
What is the tens digit of 645?
4
What is the thousands digit of 1421?
1
What is the hundreds digit of 2825?
8
What is the hundreds digit of 6800?
8
What is the tens digit of 507?
0
What is the tens digit of 6540?
4
What is the units digit of 7403?
3
What is the tens digit of 2406?
0
What is the units digit of 22912?
2
What is the units digit of 33495?
5
What is the tens digit of 3167?
6
What is the tens digit of 438?
3
What is the hundreds digit of 7351?
3
What is the hundreds digit of 2911?
9
What is the hundreds digit of 22089?
0
What is the thousands digit of 34838?
4
What is the units digit of 86056?
6
What is the units digit of 12623?
3
What is the tens digit of 80?
8
What is the tens digit of 612?
1
What is the hundreds digit of 1407?
4
What is the tens digit of 284?
8
What is the units digit of 914?
4
What is the units digit of 2700?
0
What is the units digit of 3368?
8
What is the hundreds digit of 1213?
2
What is the hundreds digit of 22167?
1
What is the hundreds digit of 10367?
3
What is the units digit of 3186?
6
What is the tens digit of 1888?
8
What is the thousands digit of 86290?
6
What is the hundreds digit of 954?
9
What is the thousands digit of 94915?
4
What is the thousands digit of 28124?
8
What is the hundreds digit of 2758?
7
What is the units digit of 47?
7
What is the ten thousands digit of 42755?
4
What is the hundreds digit of 27653?
6
What is the hundreds digit of 5919?
9
What is the units digit of 647?
7
What is the tens digit of 52?
5
What is the units digit of 6766?
6
What is the units digit of 717?
7
What is the units digit of 55?
5
What is the ten thousands digit of 14261?
1
What is the hundreds digit of 119545?
5
What is the units digit of 7327?
7
What is the ten thousands digit of 45489?
4
What is the tens digit of 23446?
4
What is the hundreds digit of 9122?
1
What is the units digit of 409?
9
What is the thousands digit of 40480?
0
What is the tens digit of 10751?
5
What is the thousands digit of 2857?
2
What is the tens digit of 65430?
3
What is the tens digit of 13936?
3
What is the tens digit of 844?
4
What is the hundred thousands digit of 133921?
1
What is the thousands digit of 11900?
1
What is the units digit of 2598?
8
What is the units digit of 218?
8
What is the ten thousands digit of 49607?
4
What is the thousands digit of 94012?
4
What is the ten thousands digit of 27781?
2
What is the tens digit of 88536?
3
What is the ten thousands digit of 34534?
3
What is the units digit of 1889?
9
What is the tens digit of 3323?
2
What is the ten thousands digit of 25885?
2
What is the units digit of 21726?
6
What is the thousands digit of 13130?
3
What is the ten thousands digit of 13720?
1
What is the thousands digit of 1654?
1
What is the thousands digit of 1845?
1
What is the thousands digit of 28630?
8
What is the hundreds digit of 1537?
5
What is the thousands digit of 40505?
0
What is the hundreds digit of 502?
5
What is the tens digit of 572?
7
What is the units digit of 499?
9
What is the units digit of 84?
4
What is the tens digit of 1060?
6
What is the units digit of 1684?
4
What is the thousands digit of 87377?
7
What is the units digit of 772?
2
What is the thousands digit of 48786?
8
What is the tens digit of 7880?
8
What is the tens digit of 314?
1
What is the thousands digit of 10369?
0
What is the units digit of 149391?
1
What is the ten thousands digit of 27331?
2
What is the units digit of 478?
8
What is the hundreds digit of 771?
7
What is the units digit of 10562?
2
What is the tens digit of 993?
9
What is the tens digit of 9768?
6
What is the units digit of 6638?
8
What is the tens digit of 2270?
7
What is the thousands digit of 1418?
1
What is the hundreds digit of 2021?
0
What is the ten thousands digit of 13849?
1
What is the thousands digit of 1923?
1
What is the units digit of 721?
1
What is the tens digit of 327?
2
What is the ten thousands digit of 21500?
2
What is the hundreds digit of 9617?
6
What is the hundreds digit of 1305?
3
What is the thousands digit of 13596?
3
What is the thousands digit of 19163?
9
What is the hundreds digit of 2530?
5
What is the tens digit of 5570?
7
What is the ten thousands digit of 19312?
1
What is the tens digit of 1506?
0
What is the tens digit of 2726?
2
What is the tens digit of 15164?
6
What is the hundreds digit of 1550?
5
What is the hundreds digit of 43771?
7
What is the tens digit of 429?
2
What is the thousands digit of 43380?
3
What is the hundreds digit of 978?
9
What is the tens digit of 21475?
7
What is the hundreds digit of 1471?
4
What is the hundreds digit of 14599?
5
What is the units digit of 893?
3
What is the ten thousands digit of 15607?
1
What is the tens digit of 8127?
2
What is the thousands digit of 2930?
2
What is the tens digit of 1447?
4
What is the thousands digit of 13293?
3
What is the hundreds digit of 3028?
0
What is the units digit of 81933?
3
What is the tens digit of 5594?
9
What is the hundreds digit of 5559?
5
What is the units digit of 193?
3
What is the hundreds digit of 2631?
6
What is the hundreds digit of 442?
4
What is the hundreds digit of 222?
2
What is the units digit of 15157?
7
What is the tens digit of 21962?
6
What is the hundreds digit of 739?
7
What is the hundreds digit of 16804?
8
What is the units digit of 28983?
3
What is the hundreds digit of 33123?
1
What is the tens digit of 1950?
5
What is the thousands digit of 2359?
2
What is the ten thousands digit of 132408?
3
What is the hundred thousands digit of 178124?
1
What is the tens digit of 1531?
3
What is the units digit of 22409?
9
What is the units digit of 1921?
1
What is the ten thousands digit of 37413?
3
What is the tens digit of 62?
6
What is the thousands digit of 3977?
3
What is the thousands digit of 2071?
2
What is the thousands digit of 9535?
9
What is the hundreds digit of 2724?
7
What is the units digit of 58140?
0
What is the tens digit of 56163?
6
What is the thousands digit of 2404?
2
What is the units digit of 922?
2
What is the tens digit of 16891?
9
What is the ten thousands digit of 12394?
1
What is the ten thousands digit of 17856?
1
What is the units digit of 415?
5
What is the units digit of 2430?
0
What is the hundreds digit of 30628?
6
What is the units digit of 2388?
8
What is the hundreds digit of 88978?
9
What is the tens digit of 933?
3
What is the hundreds digit of 63713?
7
What is the units digit of 994?
4
What is the hundreds digit of 739?
7
What is the tens digit of 1375?
7
What is the units digit of 1220?
0
What is the hundreds digit of 2346?
3
What is the thousands digit of 82237?
2
What is the hundreds digit of 39597?
5
What is the tens digit of 1130?
3
What is the tens digit of 11199?
9
What is the tens digit of 764?
6
What is the thousands digit of 13381?
3
What is the thousands digit of 1143?
1
What is the hundreds digit of 12602?
6
What is the units digit of 10640?
0
What is the tens digit of 927?
2
What is the units digit of 3863?
3
What is the thousands digit of 1178?
1
What is the units digit of 3452?
2
What is the units digit of 8?
8
What is the tens digit of 1951?
5
What is the ten thousands digit of 92867?
9
What is the tens digit of 35686?
8
What is the units digit of 1865?
5
What is the ten thousands digit of 17774?
1
What is the units digit of 2897?
7
What is the hundreds digit of 628?
6
What is the tens digit of 992?
9
What is the tens digit of 18279?
7
What is the thousands digit of 1906?
1
What is the tens digit of 1018?
1
What is the units digit of 11393?
3
What is the thousands digit of 6629?
6
What is the units digit of 7702?
2
What is the tens digit of 911?
1
What is the thousands digit of 50016?
0
What is the tens digit of 